he remainder when c is divided by 5?
2
Suppose -3*k + 12 = -2*z - 8*k, -2*z + 20 = -3*k. Suppose -z*q - 9 = -177. Calculate the remainder when q is divided by 15.
12
Suppose -d = -p - 3 - 2, -3*p - 6 = -2*d. Let t = d - -29. Calculate the remainder when 14 is divided by (-2)/(-5) + t/5.
6
Let d(f) = f**2 - 8*f + 9. Let c be d(7). Suppose -4*b = r + 5 - 17, -c*r = -2*b - 14. Calculate the remainder when 15 is divided by r.
7
Let j(m) = m**2 - 5*m - 10. Let f be j(7). Suppose -v - 3*v + f = 0. What is the remainder when 3 is divided by v?
0
Let u = -13 - -11. Let l = 23 + u. Calculate the remainder when 81 is divided by l.
18
Let f(w) = 9*w - 7. Let b be f(5). Suppose -2*a + 4*a = b. Suppose a = c + 1. What is the remainder when 53 is divided by c?
17
Let q = -15 + 17. Calculate the remainder when 5 is divided by q.
1
Suppose 0 = 4*d - 0*d - 12. Calculate the remainder when -3 - (2 - (-3 + 14)) is divided by d.
0
Suppose 37 + 25 = 2*w. What is the remainder when 60 is divided by w?
29
Let o = -12 - -22. Suppose 2*x - 15 = 85. Suppose 0*h = 3*h + m - x, -4*h - 4*m = -64. What is the remainder when h is divided by o?
7
Suppose l + 104 = 3*l. What is the remainder when l is divided by 11?
8
Let d be (-286)/(-6) - (-6)/(-9). Suppose -b + k + 2*k + 91 = 0, -4*k - 96 = -b. Let y = b - d. Calculate the remainder when y is divided by 10.
9
Let x(j) = 3*j. Let d be (-2)/3 + 11/3. Calculate the remainder when x(d) is divided by (-20)/(-3) + ((-42)/(-9))/(-7).
3
Let q(n) = n**3 + 4*n**2 - 7*n. Suppose 0*v - h = 4*v - 7, -3*v - 1 = 2*h. What is the remainder when q(-5) is divided by v?
1
Let r = 19 + 2. Calculate the remainder when r is divided by 12.
9
Suppose 0 = 9*q - 40 - 23. What is the remainder when 27 is divided by q?
6
Let a = 8 - 6. Let h = a + -18. Let g = 39 + h. Calculate the remainder when g is divided by 12.
11
Let g(r) = r**3 - 12*r**2 - 11*r - 14. Suppose 0*z + 4 = -z. What is the remainder when (z/(-2))/(2/23) is divided by g(13)?
11
Suppose -3*m + 272 = -43. What is the remainder when m is divided by 27?
24
Let f be 3 + 0 - 1*-1. Calculate the remainder when 2 - (-3)/(6/f) is divided by 2.
0
Let p = -6 - -8. Suppose 5*j - p*j = -108. Calculate the remainder when 52 is divided by (2 - 1)/((-2)/j).
16
Calculate the remainder when 38 is divided by (-122)/(-366) + (-56)/(-3) + -1.
2
Let u(j) = -j + 8. Let m be u(7). Suppose -16 + m = -5*k. Suppose 5*s = o + s - 19, 0 = k*o - 2*s - 27. Calculate the remainder when 20 is divided by o.
6
Let l(k) = k**3 - 8*k**2 + 4*k + 6. Suppose d + n = 4, 5*n + 36 - 8 = 3*d. Let q be l(d). Calculate the remainder when (5/(-2))/(3/q) is divided by 12.
11
Suppose 0*y = 3*g + y + 53, 2*g = 5*y - 41. What is the remainder when 454/18 - (-4)/g is divided by 13?
12
Suppose 3*s - 2 = 34. Calculate the remainder when 326/14 - (-6)/(-21) is divided by s.
11
Let k(m) = -m**2 + 12*m + 22. What is the remainder when k(11) is divided by 18?
15
Suppose r + f = 18, -105 = -5*r + 3*f + 25. Calculate the remainder when r*(0 + -1 + 2) is divided by 12.
11
Let z = 34 + -22. What is the remainder when 22 is divided by (z/14)/(2/14)?
4
Let h(o) = 2*o - 5. Let f(v) = -v**3 - 2*v**2 + 5*v - 1. Calculate the remainder when h(13) is divided by f(-4).
10
Suppose 4 = 5*l - 6. Suppose 0 = l*s + 8, -5 = -w + s - 3*s. What is the remainder when 22 is divided by w?
9
Let g(c) = -27*c + 9. What is the remainder when g(-3) is divided by 23?
21
Let c(w) = w**2 + 2*w - 2. What is the remainder when c(-4) is divided by (3/(-2))/(3/(-6))?
0
Suppose m - 16 = -7*m. Suppose 0 = -2*q + 8, -x + 0*q + 5*q + 21 = 0. Let i = x + m. Calculate the remainder when i is divided by 11.
10
Let x = 7 - 3. Let j = -16 + 26. What is the remainder when j is divided by x?
2
Suppose 5*v + 26 = 2*d, -34 = 5*v - 0*v + 2*d. Let c be 0 + (v - (-1 - -3)). What is the remainder when 17 is divided by (22/c + 2)*-12?
8
Let f be ((-2)/(-3))/(12/54). Let s(c) = 2*c**2 - f*c**2 - c + 6*c - 4. What is the remainder when 2 is divided by s(3)?
0
Let o = 40 + -31. Calculate the remainder when o is divided by 3.
0
What is the remainder when 7/((-7)/2)*-13 is divided by 2 + 10 + 1 + 1?
12
Let y = 9 + -5. Suppose 2*l = y + 14. Suppose -102 = -4*s - a, a + a = 3*s - 71. What is the remainder when s is divided by l?
7
Suppose -4*s - 7 = -23. Let q = s - 4. Let c(i) = -i**3 + 14. Calculate the remainder when 41 is divided by c(q).
13
Let m(c) = -4*c + 12. Let q = 18 - 9. Calculate the remainder when q is divided by m(2).
1
Suppose -5*b + 24 = 2*y, 4*b - 18 = -2. Suppose 0*u - 24 = -y*u. Calculate the remainder when u is divided by 7.
5
Let y = 57 - 34. What is the remainder when y is divided by 12?
11
Let c(f) = -41*f**3 + f**2 - f. Let d be c(1). Let s = 78 + d. What is the remainder when s is divided by 19?
18
Let l(m) = -2*m**2 - 12*m - 7. Calculate the remainder when 3 is divided by l(-5).
0
Let f(r) = 4*r + 23. Calculate the remainder when f(10) is divided by 33.
30
Suppose -1 = -s + 5. Let z(u) = -3*u + 9 + 2*u**2 - 3*u - u**2. What is the remainder when z(s) is divided by 5?
4
Let h be (-304)/(-9) + 10/45. Suppose -10 = -4*o + h. Suppose 3*k = 29 - o. Calculate the remainder when k is divided by 4.
2
What is the remainder when 81 is divided by 44 - (4 + (-16)/4)?
37
Suppose 5*a - 72 = a. What is the remainder when a is divided by 5?
3
Let l = -8 - -16. Calculate the remainder when 38 is divided by l.
6
Let m = -51 + 72. What is the remainder when m is divided by 12?
9
Let f(i) = -i**2 + 11*i + 12. Let n be f(11). Calculate the remainder when n*(-1)/((-16)/92) is divided by 18.
15
Suppose -8 = x - 3*x. What is the remainder when 27 is divided by x?
3
Let n(s) = s**3 + 5*s**2 - s + 7. Suppose -5*r = -3*r + 4, 0 = -4*l + 2*r - 44. Calculate the remainder when 14*(-3)/(l/10) is divided by n(-5).
11
Let y(i) be the second derivative of i**4/12 - 7*i**3/6 + 2*i**2 + i. Let m be y(7). Suppose m*h + 5 = 41. What is the remainder when 25 is divided by h?
7
Calculate the remainder when 2 is divided by (-4)/(-3)*(-36)/(-24).
0
Let f = -3 + -14. Let k = -5 - f. What is the remainder when 57 is divided by k?
9
Let n(r) = r**3 + 6*r**2 - 2*r. Calculate the remainder when n(-5) is divided by 9.
8
Let n = 18 - 13. Suppose 0 = 2*p - n*x - 72, -14 = -5*p + x + 166. Let q(i) = -i**2 + 9*i - 1. What is the remainder when p is divided by q(5)?
17
Suppose -13 - 22 = -5*y. What is the remainder when 23 is divided by y?
2
Suppose 0 = -3*a + 5*u - 2, -u + 4 = a - 6. Calculate the remainder when 2/7 - 94/(-14) is divided by (3/2)/(3/a).
1
Let o(t) = -t**2 - 11*t - 1. Suppose 4*b - 5*i = -51 - 9, 20 = 5*i. Calculate the remainder when o(b) is divided by 6.
3
Let y = 175 - 157. Calculate the remainder when y is divided by 3.
0
Suppose -14 = -5*b + 1. Let t(u) = 2*u - 5. Let n be t(5). Suppose -2*x + n = -x. What is the remainder when x is divided by b?
2
Suppose 3*f - 48 = 5*f. Let l = f - -33. What is the remainder when l is divided by 5?
4
Let k = 25 + -5. Suppose 0 = 8*x - 7*x - k. Suppose 0 = -4*u + 166 - 10. Calculate the remainder when u is divided by x.
19
Let y(w) be the second derivative of -3*w**3/2 + w**2/2 - w. Calculate the remainder when 17 is divided by y(-1).
7
Suppose -2*m + 40 = 2*w - 4*m, -98 = -4*w - 5*m. Let v(l) = -2*l**3 - 2*l**2 - 3*l - 2. What is the remainder when v(-3) is divided by w?
21
Suppose b - 37 = 5*t, -2*b - 4*t + 12 = -20. Suppose -2*h + 2*n = -12, 4*n - 3*n = 4*h - 36. Suppose 2*w = 26 - h. What is the remainder when b is divided by w?
6
Let q(u) = -9*u - 5*u + 2*u**2 - u**2 + 2. What is the remainder when 1/(1 - 0) - -48 is divided by q(15)?
15
Let v(f) = f**3 - 12*f**2 + 14*f - 2. What is the remainder when v(11) is divided by 17?
14
Suppose 3 = -4*z + 67. Calculate the remainder when 31 is divided by z.
15
Suppose 14*r - 10*r - 288 = 0. What is the remainder when r is divided by 37?
35
Let m = -68 - -102. Calculate the remainder when m is divided by 75/6 - 1/2.
10
Suppose -y - 12 = 2*s, 0 = -5*s + y + 3*y - 4. Suppose 0 = -o + 1 - 0. What is the remainder when s/(-6) + (-3)/(-9) is divided by o?
0
What is the remainder when 1985/30 - (-3)/(-18) is divided by 34?
32
Suppose -2*m + 58 = 4*g, -5 = -3*m + 4*m. Calculate the remainder when 32 is divided by g.
15
Supp